[INFO] fetching crate async-byteorder 0.3.0...
[INFO] checking async-byteorder-0.3.0 against master#cfbc6d4cf1acbac5c025acf8ed68929caa551df3 for pr-75494-beta
[INFO] extracting crate async-byteorder 0.3.0 into /workspace/builds/worker-2/source
[INFO] validating manifest of crates.io crate async-byteorder 0.3.0 on toolchain cfbc6d4cf1acbac5c025acf8ed68929caa551df3
[INFO] running `Command { std: "/workspace/cargo-home/bin/cargo" "+cfbc6d4cf1acbac5c025acf8ed68929caa551df3" "read-manifest" "--manifest-path" "Cargo.toml", kill_on_drop: false }`
[INFO] started tweaking crates.io crate async-byteorder 0.3.0
[INFO] finished tweaking crates.io crate async-byteorder 0.3.0
[INFO] tweaked toml for crates.io crate async-byteorder 0.3.0 written to /workspace/builds/worker-2/source/Cargo.toml
[INFO] running `Command { std: "/workspace/cargo-home/bin/cargo" "+cfbc6d4cf1acbac5c025acf8ed68929caa551df3" "generate-lockfile" "--manifest-path" "Cargo.toml" "-Zno-index-update", kill_on_drop: false }`
[INFO] running `Command { std: "/workspace/cargo-home/bin/cargo" "+cfbc6d4cf1acbac5c025acf8ed68929caa551df3" "fetch" "--locked" "--manifest-path" "Cargo.toml", kill_on_drop: false }`
[INFO] [stderr]     Blocking waiting for file lock on package cache
[INFO] running `Command { std: "docker" "create" "-v" "/var/lib/crater-agent-workspace/builds/worker-2/target:/opt/rustwide/target:rw,Z" "-v" "/var/lib/crater-agent-workspace/builds/worker-2/source:/opt/rustwide/workdir:ro,Z" "-v" "/var/lib/crater-agent-workspace/cargo-home:/opt/rustwide/cargo-home:ro,Z" "-v" "/var/lib/crater-agent-workspace/rustup-home:/opt/rustwide/rustup-home:ro,Z" "-e" "SOURCE_DIR=/opt/rustwide/workdir" "-e" "CARGO_TARGET_DIR=/opt/rustwide/target" "-e" "CARGO_HOME=/opt/rustwide/cargo-home" "-e" "RUSTUP_HOME=/opt/rustwide/rustup-home" "-w" "/opt/rustwide/workdir" "-m" "1610612736" "--user" "0:0" "--network" "none" "rustops/crates-build-env@sha256:a636fd89d022f18117e1dc8fb37a0a009933cdbbe082814857f0e2024962d47c" "/opt/rustwide/cargo-home/bin/cargo" "+cfbc6d4cf1acbac5c025acf8ed68929caa551df3" "metadata" "--no-deps" "--format-version=1", kill_on_drop: false }`
[INFO] [stderr] WARNING: Your kernel does not support swap limit capabilities or the cgroup is not mounted. Memory limited without swap.
[INFO] [stdout] 4b9e4ef218cbd4a4d2b675a7e9bd0432453ea721c8baf0e5d60ccdca482980ba
[INFO] running `Command { std: "docker" "start" "-a" "4b9e4ef218cbd4a4d2b675a7e9bd0432453ea721c8baf0e5d60ccdca482980ba", kill_on_drop: false }`
[INFO] running `Command { std: "docker" "inspect" "4b9e4ef218cbd4a4d2b675a7e9bd0432453ea721c8baf0e5d60ccdca482980ba", kill_on_drop: false }`
[INFO] running `Command { std: "docker" "rm" "-f" "4b9e4ef218cbd4a4d2b675a7e9bd0432453ea721c8baf0e5d60ccdca482980ba", kill_on_drop: false }`
[INFO] [stdout] 4b9e4ef218cbd4a4d2b675a7e9bd0432453ea721c8baf0e5d60ccdca482980ba
[INFO] running `Command { std: "docker" "create" "-v" "/var/lib/crater-agent-workspace/builds/worker-2/target:/opt/rustwide/target:rw,Z" "-v" "/var/lib/crater-agent-workspace/builds/worker-2/source:/opt/rustwide/workdir:ro,Z" "-v" "/var/lib/crater-agent-workspace/cargo-home:/opt/rustwide/cargo-home:ro,Z" "-v" "/var/lib/crater-agent-workspace/rustup-home:/opt/rustwide/rustup-home:ro,Z" "-e" "SOURCE_DIR=/opt/rustwide/workdir" "-e" "CARGO_TARGET_DIR=/opt/rustwide/target" "-e" "CARGO_INCREMENTAL=0" "-e" "RUST_BACKTRACE=full" "-e" "RUSTFLAGS=--cap-lints=forbid" "-e" "CARGO_HOME=/opt/rustwide/cargo-home" "-e" "RUSTUP_HOME=/opt/rustwide/rustup-home" "-w" "/opt/rustwide/workdir" "-m" "1610612736" "--user" "0:0" "--network" "none" "rustops/crates-build-env@sha256:a636fd89d022f18117e1dc8fb37a0a009933cdbbe082814857f0e2024962d47c" "/opt/rustwide/cargo-home/bin/cargo" "+cfbc6d4cf1acbac5c025acf8ed68929caa551df3" "check" "--frozen" "--all" "--all-targets" "--message-format=json", kill_on_drop: false }`
[INFO] [stdout] 274690a2700bd7335350b1093ccb2b963fbf843e6c72f4bd973d2b997f40c61b
[INFO] [stderr] WARNING: Your kernel does not support swap limit capabilities or the cgroup is not mounted. Memory limited without swap.
[INFO] running `Command { std: "docker" "start" "-a" "274690a2700bd7335350b1093ccb2b963fbf843e6c72f4bd973d2b997f40c61b", kill_on_drop: false }`
[INFO] [stderr]     Checking either v1.6.0
[INFO] [stderr]    Compiling log v0.4.11
[INFO] [stderr]     Checking atty v0.2.14
[INFO] [stderr]     Checking futures-core v0.2.1
[INFO] [stderr]     Checking futures-io v0.2.1
[INFO] [stderr]     Checking futures-channel v0.2.1
[INFO] [stderr]     Checking async-codec v0.3.0
[INFO] [stderr]     Checking async-ringbuffer v0.3.1
[INFO] [stderr]     Checking env_logger v0.5.13
[INFO] [stdout] error[E0554]: `#![feature]` may not be used on the beta release channel
[INFO] [stdout]  --> /opt/rustwide/cargo-home/registry/src/github.com-1ecc6299db9ec823/async-ringbuffer-0.3.1/src/lib.rs:4:1
[INFO] [stdout]   |
[INFO] [stdout] 4 | #![feature(offset_to)]
[INFO] [stdout]   | ^^^^^^^^^^^^^^^^^^^^^^
[INFO] [stdout] 
[INFO] [stdout] 
[INFO] [stderr]     Checking futures-sink v0.2.1
[INFO] [stdout] error[E0599]: no method named `offset_to` found for raw pointer `*mut u8` in the current scope
[INFO] [stdout]   --> /opt/rustwide/cargo-home/registry/src/github.com-1ecc6299db9ec823/async-ringbuffer-0.3.1/src/lib.rs:70:18
[INFO] [stdout]    |
[INFO] [stdout] 70 |                 .offset_to(self.read.offset(self.amount as isize))
[INFO] [stdout]    |                  ^^^^^^^^^ help: there is an associated function with a similar name: `offset`
[INFO] [stdout]    |
[INFO] [stdout]    = note: try using `<*const T>::as_ref()` to get a reference to the type behind the pointer: https://doc.rust-lang.org/std/primitive.pointer.html#method.as_ref
[INFO] [stdout]    = note: using `<*const T>::as_ref()` on a pointer which is unaligned or points to invalid or uninitialized memory is undefined behavior
[INFO] [stdout] 
[INFO] [stdout] 
[INFO] [stdout] error[E0599]: no method named `offset_to` found for raw pointer `*mut u8` in the current scope
[INFO] [stdout]    --> /opt/rustwide/cargo-home/registry/src/github.com-1ecc6299db9ec823/async-ringbuffer-0.3.1/src/lib.rs:133:46
[INFO] [stdout]     |
[INFO] [stdout] 133 |             let distance_we = rb.write_ptr().offset_to(end).unwrap() as usize;
[INFO] [stdout]     |                                              ^^^^^^^^^ help: there is an associated function with a similar name: `offset`
[INFO] [stdout]     |
[INFO] [stdout]     = note: try using `<*const T>::as_ref()` to get a reference to the type behind the pointer: https://doc.rust-lang.org/std/primitive.pointer.html#method.as_ref
[INFO] [stdout]     = note: using `<*const T>::as_ref()` on a pointer which is unaligned or points to invalid or uninitialized memory is undefined behavior
[INFO] [stdout] 
[INFO] [stdout] 
[INFO] [stdout] error[E0599]: no method named `offset_to` found for raw pointer `*mut u8` in the current scope
[INFO] [stdout]    --> /opt/rustwide/cargo-home/registry/src/github.com-1ecc6299db9ec823/async-ringbuffer-0.3.1/src/lib.rs:225:39
[INFO] [stdout]     |
[INFO] [stdout] 225 |             let distance_re = rb.read.offset_to(end).unwrap() as usize;
[INFO] [stdout]     |                                       ^^^^^^^^^ help: there is an associated function with a similar name: `offset`
[INFO] [stdout]     |
[INFO] [stdout]     = note: try using `<*const T>::as_ref()` to get a reference to the type behind the pointer: https://doc.rust-lang.org/std/primitive.pointer.html#method.as_ref
[INFO] [stdout]     = note: using `<*const T>::as_ref()` on a pointer which is unaligned or points to invalid or uninitialized memory is undefined behavior
[INFO] [stdout] 
[INFO] [stdout] 
[INFO] [stdout] error: aborting due to 4 previous errors
[INFO] [stdout] 
[INFO] [stdout] 
[INFO] [stdout] Some errors have detailed explanations: E0554, E0599.
[INFO] [stdout] 
[INFO] [stdout] For more information about an error, try `rustc --explain E0554`.
[INFO] [stdout] 
[INFO] [stderr] error: could not compile `async-ringbuffer`.
[INFO] [stderr] 
[INFO] [stderr] To learn more, run the command again with --verbose.
[INFO] [stderr] warning: build failed, waiting for other jobs to finish...
[INFO] [stderr] error: build failed
[INFO] running `Command { std: "docker" "inspect" "274690a2700bd7335350b1093ccb2b963fbf843e6c72f4bd973d2b997f40c61b", kill_on_drop: false }`
[INFO] running `Command { std: "docker" "rm" "-f" "274690a2700bd7335350b1093ccb2b963fbf843e6c72f4bd973d2b997f40c61b", kill_on_drop: false }`
[INFO] [stdout] 274690a2700bd7335350b1093ccb2b963fbf843e6c72f4bd973d2b997f40c61b
